f 92500876.
2, 13, 17, 104639
What are the prime factors of 176420073?
3, 19, 179, 17291
What are the prime factors of 132388019?
132388019
List the prime factors of 190507194.
2, 3, 179, 19709
What are the prime factors of 162318750?
2, 3, 5, 11, 787
What are the prime factors of 32341258?
2, 16170629
What are the prime factors of 41891524?
2, 2459, 4259
What are the prime factors of 619302071?
23, 26926177
List the prime factors of 92484716.
2, 409, 56531
List the prime factors of 140487424.
2, 7, 11, 7127
List the prime factors of 832370248.
2, 8641, 12041
What are the prime factors of 2864595954?
2, 3, 11, 41, 293, 3613
What are the prime factors of 36764047?
17, 31, 69761
List the prime factors of 68567374.
2, 34283687
List the prime factors of 91373469.
3, 11, 2768893
What are the prime factors of 73450913?
73450913
List the prime factors of 595930609.
73, 127, 64279
List the prime factors of 1282551012.
2, 3, 41, 868937
What are the prime factors of 165317845?
5, 7, 11, 429397
What are the prime factors of 30009849?
3, 37, 7307
List the prime factors of 93533654.
2, 46766827
List the prime factors of 2808144483.
3, 936048161
List the prime factors of 82399525.
5, 13, 253537
List the prime factors of 1152071847.
3, 128007983
List the prime factors of 894866265.
3, 5, 6628639
List the prime factors of 29249724.
2, 3, 7, 17, 20483
List the prime factors of 430013943.
3, 29, 1647563
List the prime factors of 113968876.
2, 7, 67, 79, 769
List the prime factors of 1437832729.
1437832729
What are the prime factors of 73500908?
2, 13, 1413479
List the prime factors of 2044872493.
103, 19853131
What are the prime factors of 727418890?
2, 5, 11, 29, 37, 6163
What are the prime factors of 678155913?
3, 739, 101963
What are the prime factors of 311328917?
311328917
List the prime factors of 29723076.
2, 3, 67, 12323
List the prime factors of 378184923.
3, 14006849
What are the prime factors of 785040435?
3, 5, 31, 562753
What are the prime factors of 146099604?
2, 3, 7, 587, 2963
What are the prime factors of 230918705?
5, 373, 123817
List the prime factors of 857540190.
2, 3, 5, 13, 233, 9437
List the prime factors of 55799057.
131, 251, 1697
What are the prime factors of 803179374?
2, 3, 103, 821, 1583
What are the prime factors of 16267679?
37, 439667
List the prime factors of 34511301.
3, 11, 47, 7417
What are the prime factors of 1498481040?
2, 3, 5, 7, 29, 30757
List the prime factors of 1453931043.
3, 4483, 108107
What are the prime factors of 634096004?
2, 2447, 64783
List the prime factors of 96634260.
2, 3, 5, 536857
What are the prime factors of 93522754?
2, 13, 37, 67, 1451
What are the prime factors of 49298548?
2, 13, 948049
What are the prime factors of 1174267052?
2, 7, 439, 95531
What are the prime factors of 380625258?
2, 3, 13, 67, 173, 421
List the prime factors of 1223556933.
3, 97, 4204663
List the prime factors of 62132292.
2, 3, 23, 25013
List the prime factors of 6688454581.
22907, 291983
What are the prime factors of 70589693?
19, 53, 70099
What are the prime factors of 21626142?
2, 3, 17, 19, 11159
List the prime factors of 580362676.
2, 19, 7636351
List the prime factors of 763936.
2, 23873
What are the prime factors of 87222701?
87222701
What are the prime factors of 41250544?
2, 331, 7789
List the prime factors of 41319870.
2, 3, 5, 19, 71, 1021
What are the prime factors of 157447149?
3, 17, 3087199
List the prime factors of 1371582145.
5, 59, 4649431
What are the prime factors of 287782552?
2, 35972819
List the prime factors of 344911623.
3, 7, 17, 966139
What are the prime factors of 21724205?
5, 4344841
What are the prime factors of 48037791?
3, 1087, 14731
List the prime factors of 186544307.
186544307
List the prime factors of 189026317.
149, 1268633
What are the prime factors of 52514709?
3, 13, 503, 2677
List the prime factors of 1833573277.
43, 42641239
What are the prime factors of 72504905?
5, 11, 61, 21611
What are the prime factors of 87259007?
11, 7932637
What are the prime factors of 102812164?
2, 7, 13, 21727
What are the prime factors of 60874256?
2, 239, 15919
List the prime factors of 42919731.
3, 67, 109, 653
What are the prime factors of 886785668?
2, 221696417
List the prime factors of 13850092.
2, 3462523
What are the prime factors of 163390763?
163390763
What are the prime factors of 145672373?
7, 11, 19, 99571
What are the prime factors of 47458885?
5, 43, 71, 3109
What are the prime factors of 555016296?
2, 3, 19, 1217141
List the prime factors of 63899811.
3, 881, 8059
List the prime factors of 63457078.
2, 43, 737873
List the prime factors of 3135134457.
3, 7, 13, 1276001
What are the prime factors of 78166991?
7, 43, 259691
List the prime factors of 274561994.
2, 7, 23, 41, 2971
What are the prime factors of 1529662465?
5, 17, 151, 119179
List the prime factors of 3447041.
13, 265157
What are the prime factors of 5148520?
2, 5, 13, 9901
List the prime factors of 48912290.
2, 5, 7, 173, 577
What are the prime factors of 284707782?
2, 3, 31, 109, 151
What are the prime factors of 1382479970?
2, 5, 3659, 37783
What are the prime factors of 317277943?
281, 1129103
List the prime factors of 32927731.
29, 1135439
List the prime factors of 52726907.
373, 141359
What are the prime factors of 564941078?
2, 13, 3079, 7057
What are the prime factors of 119576886?
2, 3, 11, 13, 139367
What are the prime factors of 43607687?
67, 650861
List the prime factors of 39737389.
39737389
What are the prime factors of 305760288?
2, 3, 41, 131, 593
What are the prime factors of 446659060?
2, 5, 43, 519371
What are the prime factors of 1173816583?
463, 929, 2729
List the prime factors of 218691896.
2, 4003, 6829
What are the prime factors of 13613858?
2, 61, 151, 739
List the prime factors of 2122278347.
7, 43311803
List the prime factors of 76673216.
2, 29, 109, 379
What are the prime factors of 38598935?
5, 7719787
What are the prime factors of 1574490935?
5, 79, 1489, 2677
List the prime factors of 105439544.
2, 7, 23, 71, 1153
List the prime factors of 1781616676.
2, 7, 191, 47591
What are the prime factors of 1477800585?
3, 5, 10946671
What are the prime factors of 6807841?
6807841
List the prime factors of 5459134096.
2, 13, 26245837
What are the prime factors of 3358373?
3358373
What are the prime factors of 21289930?
2, 5, 2128993
What are the prime factors of 236948496?
2, 3, 97, 50891
List the prime factors of 109567797.
3, 36522599
List the prime factors of 920799676.
2, 83, 313, 8861
What are the prime factors of 180968840?
2, 5, 13, 348017
List the prime factors of 7431670087.
4871, 1525697
List the prime factors of 37182210.
2, 3, 5, 13, 95339
List the prime factors of 178079661.
3, 937, 7039
List the prime factors of 45450374.
2, 22725187
List the prime factors of 43306223.
47, 921409
List the prime factors of 21302956.
2, 1439, 3701
What are the prime factors of 177093930?
2, 3, 5, 13, 17, 26711
What are the prime factors of 870489541?
19, 463, 98953
What are the prime factors of 90052236?
2, 3, 41, 6779
List the prime factors of 89842783.
29, 1447, 2141
List the prime factors of 167712345.
3, 5, 41, 90901
What are the prime factors of 1673492780?
2, 5, 797, 104987
What are the prime factors of 21125334?
2, 3, 3520889
List the prime factors of 1664006817.
3, 11, 499, 101051
What are the prime factors of 282634553?
282634553
List the prime factors of 212612303.
212612303
List the prime factors of 712194.
2, 3, 7, 31, 547
What are the prime factors of 110029178?
2, 7, 109, 72103
What are the prime factors of 21414823?
37, 578779
List the prime factors of 1805237191.
17, 106190423
List the prime factors of 47681625.
3, 5, 43, 2957
List the prime factors of 31230617.
11, 1439, 1973
List the prime factors of 21753114.
2, 3, 37, 97987
What are the prime factors of 4568812?
2, 23, 53, 937
List the prime factors of 1381799461.
7, 271, 104059
List the prime factors of 41330310.
2, 3, 5, 7, 23, 43, 199
List the prime factors of 5852175034.
2, 2926087517
What are the prime factors of 60401706?
2, 3, 67, 97, 1549
What are the prime factors of 385411319?
385411319
What are the prime factors of 989860866?
2, 3, 1447, 114013
List the prime factors of 1540648315.
5, 308129663
List the prime factors of 7142605